 v be j(12). Suppose 6*r = 5*r + v. List the prime factors of r.
2, 7
Let t(m) = 12*m**2 - 14*m + 63. List the prime factors of t(8).
719
Let b(u) = -3*u**3 - 7*u**2 - 13*u - 6. Let l be b(-5). Let v = -181 + l. What are the prime factors of v?
2, 3, 13
Suppose p - 477 = -5*s, 2*p - 3*p = 4*s - 381. Suppose 5*d - s - 299 = 0. List the prime factors of d.
79
Let h = 24 - 11. Suppose 0 = 5*l - 5, j + 2*l - 5 + 0 = 0. Suppose -j*t = -h - 20. List the prime factors of t.
11
Let p = -33 - -38. Suppose 2 = -p*y + 62. Suppose 3*i - y = 12. What are the prime factors of i?
2
Let j(p) = p**3 + 4*p**2 - p + 1. Let x be j(-4). Suppose -2*b + x = 11, -2*d = -2*b - 254. What are the prime factors of d?
2, 31
List the prime factors of 3 + 7 + -4 + 292*4.
2, 587
Let j = 2546 + -659. What are the prime factors of j?
3, 17, 37
Suppose -59 + 55 = -2*j. Suppose -j*d - 6 + 18 = 0. What are the prime factors of d?
2, 3
Let g(v) = 3*v - 1. Let o = 10 - 1. Let m be g(o). Let y = m + 24. What are the prime factors of y?
2, 5
Let n = 95 - 95. Suppose -6*v + 7*v - 172 = n. List the prime factors of v.
2, 43
Suppose -1230*r + 4026 = -1227*r. What are the prime factors of r?
2, 11, 61
Suppose 72517 = -34*t + 195529. What are the prime factors of t?
2, 3, 67
Let g be 10 + -13 - (1 - 15). Let a = g + -7. Suppose a*f = -4*s + 88, -5*s + 30 = f - 8. What are the prime factors of f?
2, 3
Let o(u) = -u**3 + 7*u**2 + 10*u - 4. Let s be o(8). Suppose 0*w - w = -s. Suppose p = w + 2. What are the prime factors of p?
2, 7
Let y(d) = 9*d + 15*d + 12*d + 2. List the prime factors of y(3).
2, 5, 11
Suppose -56269 - 17318 = -19*m. List the prime factors of m.
3, 1291
Suppose 2308 = 3*x - 2870. What are the prime factors of x?
2, 863
Suppose 4*x + 1327 = 5043. List the prime factors of x.
929
Let l = -80 + 40. Let k = 0 - l. List the prime factors of k.
2, 5
Suppose 3*r - a - 6264 = 0, 0 = -5*r + 7*r + a - 4171. What are the prime factors of r?
2087
List the prime factors of (4/6)/(55/60555).
2, 367
Let h(a) = a**3 - 9*a**2 + 9*a - 13. Let r be (-282)/(-18) + -6 - (-1)/3. List the prime factors of h(r).
3, 59
Suppose 4*f - 406 = -10. Let y = f - 47. What are the prime factors of y?
2, 13
Suppose 9108 = 81*v - 63*v. What are the prime factors of v?
2, 11, 23
Let z = 16 + -24. List the prime factors of -2 + (z - -4 - -78).
2, 3
Let a be (0 + 3)*(2 + -1). Suppose -5*r + 18 = a. Suppose r*u + 28 = 76. What are the prime factors of u?
2
Suppose -4*r - 5 = 35. List the prime factors of -8*(209/r + 18/45).
2, 41
Let d(j) = -j**3 + 7*j**2 + 9*j - 4. Let a be d(8). Suppose t - a + 1 = 0. Suppose -t*k = -6 - 24. What are the prime factors of k?
2, 5
Suppose 5*s = -q + 10123, 2*s = 4*s + 2*q - 4054. List the prime factors of s.
2, 11, 23
Let o = -390 - -28. Let p = o - -542. What are the prime factors of p?
2, 3, 5
Let x(l) = -l**3 + 7*l**2 + 10*l - 3. Let f = -5 - -10. Suppose 2*a = -f*i + 34, -i = -4*a + 2*a - 14. What are the prime factors of x(i)?
13
Let k(f) = -2*f**2 - 5*f - 4. Suppose 0 = -5*r + 2*r - 3. Let y(t) = 1. Let n(v) = r*k(v) - 2*y(v). List the prime factors of n(-5).
3
Let x be 2/(92/84 - 1). Suppose j + 6 + x = 5*l, j + 5*l - 23 = 0. Let h(d) = -9*d. What are the prime factors of h(j)?
2, 3
Let j = 20 + -26. Let p = -446 + 962. What are the prime factors of ((-2)/4)/(j/p)?
43
What are the prime factors of (-3)/(-9) - 9524/(-12)?
2, 397
Let j = 8884 - 3775. List the prime factors of j.
3, 13, 131
Let j = -26 - -34. Suppose -4*c + j = -q - 4*q, 5 = -5*q + 5*c. List the prime factors of (-4)/6*-33 + q.
2, 3
Suppose 570 = 7*k - 12*k. Let y = -71 - k. List the prime factors of y.
43
Let j(q) = q**3 + 5*q**2 - 7*q - 1. Suppose 5*p - 22 = 68. Let s be p/(-9) + -2*2. What are the prime factors of j(s)?
5
Let b(m) = 2*m**2 - 27*m - 15. List the prime factors of b(-8).
7, 47
Let g = -532 - -896. List the prime factors of g.
2, 7, 13
Suppose -1965 = -5*b + 5*s, 3*s - 66 = -b + 335. What are the prime factors of b?
5, 79
Let z(p) = -p**3 + 7*p**2 - 4*p + 2. Let c(i) = i**3 - 6*i**2 + 4*i - 2. Let g(m) = -3*c(m) - 2*z(m). Let u be g(2). List the prime factors of 63/18*5*u.
5, 7
Let g be (0 + 168)*8/16. Suppose g = 3*c + b - 2*b, 4*c - 4*b - 112 = 0. What are the prime factors of c + 4*-2 + 4?
2, 3
Let n(a) = -11*a**2 - 8*a - 6. Let b be n(-8). Let m = -370 - b. What are the prime factors of m?
2, 3, 23
Let r(h) = -2*h**3 + 2*h**2. Let x be r(1). Let z(q) = -q**3 + 7*q**2 + q + 4. Let i be z(7). Let u = x + i. List the prime factors of u.
11
Let g(q) = q**3 - 9*q**2 + 8*q + 5. Let v be g(7). Let d = 3 - v. What are the prime factors of d?
2, 5
Let q(u) = u**2 + 16*u - 3. What are the prime factors of q(11)?
2, 3, 7
What are the prime factors of ((-811)/2)/(25/(-50))?
811
Suppose -4*t + 1226 = -59*y + 56*y, 0 = -5*y + 10. What are the prime factors of t?
2, 7, 11
Suppose -5*i + 5*p - 880 = 0, 0*p + p + 367 = -2*i. Let k = 254 + i. What are the prime factors of k?
73
Let i = -34 + 69. Let d = -26 + i. List the prime factors of d.
3
Let l = 4 + -6. What are the prime factors of 1484/21 - l/6?
71
Let x be 4/(-1) - 4*-31. Suppose -2*a = -5*y - 175, y - x = -2*a + 37. Let l = 138 - a. What are the prime factors of l?
2, 29
Suppose 4*m + 2*p = 87 - 17, -5*p = -2*m + 5. Suppose 0 = w + 6 - m. List the prime factors of w.
3
Let g be ((-1)/1)/((-10)/640). Let k = -35 + g. What are the prime factors of k?
29
Let p(m) = -m**3 - 20*m**2 + 21*m - 1. Let f be p(-21). Let x(k) = 65*k**2 + 3*k + 4. What are the prime factors of x(f)?
2, 3, 11
Let z(i) = -844*i - 905. What are the prime factors of z(-8)?
3, 1949
Let h = -345 - -647. List the prime factors of h.
2, 151
Let v(f) = f**3 + 25*f**2 + 29*f + 87. What are the prime factors of v(-17)?
2, 953
What are the prime factors of (982/(-6))/(6 - (-546)/(-90))?
5, 491
Suppose -11*c + 72 + 225 = 0. Suppose 39 = z + 3*t, 0*z - z = -t - c. List the prime factors of z.
2, 3, 5
Suppose 2*k + 4 = 4*i - 16, -25 = 2*k - 5*i. Suppose k = -g + 6*g. Let w(m) = m + 5. What are the prime factors of w(g)?
5
Suppose -2*f + 2097 = 2*b - 5*b, 3128 = 3*f - b. What are the prime factors of f?
3, 347
Suppose -19*d = 13*d - 17376. What are the prime factors of d?
3, 181
Let j = 1 + 1. Suppose -4*t = -2 - j. List the prime factors of (-37 + t)*(-4)/8.
2, 3
Let t(z) = -z**3 - 5*z**2 - z - 3. Let o be t(-5). Let w(i) = -43*i + 7. Let c be w(o). Let d = -48 - c. List the prime factors of d.
31
Suppose 58*a + 29175 = 83057. What are the prime factors of a?
929
What are the prime factors of ((-306)/(-8))/((-4)/(-32))?
2, 3, 17
Suppose -10*n = -9*n + 6. List the prime factors of (10/4)/(n/(-132)).
5, 11
Suppose 304 = -2*l + 90. Let q = l - -183. What are the prime factors of q?
2, 19
Let m be 78/18 + (-4)/(-6). Suppose 27 = 5*w + 3*s, -5*w + m = -6*w + 2*s. Let o = w + 2. What are the prime factors of o?
5
Suppose 0 = -5*r + 3*c + 17910, 8*c - 4*c - 10746 = -3*r. List the prime factors of r.
2, 3, 199
Suppose 0 = -3*q - 4*p + 15, 3*q - 5*p = -0*p + 42. Suppose q*o - 628 = 164. What are the prime factors of o?
2, 11
Let f be 6/21 - ((-6)/(-21) - 2). What are the prime factors of (-415)/f*16/(-20)?
2, 83
Suppose -6535 + 1015 = -10*q. What are the prime factors of q?
2, 3, 23
Let o = 2876 - 1827. What are the prime factors of o?
1049
Suppose -2*o - 882 = -13*x + 11*x, -4*x + 5*o = -1767. List the prime factors of x.
2, 3, 73
Let h = -196 + 94. Let u = h + 150. List the prime factors of u.
2, 3
Let d be (52/(-6))/(2/(-6)). Suppose 0 = -29*s - 47 + 395. Suppose 14*y = s*y + d. What are the prime factors of y?
13
Suppose 2*y = g + 10, -2*y - y = 3*g - 15. Suppose 0 = s + y*b - 3*b - 68, -3*s - 2*b = -220. What are the prime factors of s?
2, 19
Suppose 52 = 2*s - 2*y, s = -4*y + 13 + 38. Suppose -s = -2*z + 73. List the prime factors of z.
2, 13
Suppose -7*z + 10 = -2*z. Suppose -z*q = -3*q + 3. Suppose 58 + 59 = q*x. What are the prime factors of x?
3, 13
Let b = -8 - -77. Suppose -z + x = 3*x - 20, -3*x = -4*z + b. List the prime factors of z.
2, 3
Let r = 8097 + -5764. List the prime factors of r.
2333
Let d(l) = 7*l**3 + 13*l**2 - 9*l - 35. Let q(n) = -n**3 - n + 1. Let j(z) = d(z) + 6*q(z). Let f be j(-14). What are the prime factors of (-316)/10*f/6?
79
Let f(p) = p**2 + 7*p + 11. Le